{"id":35,"date":"2020-03-09T18:44:08","date_gmt":"2020-03-09T18:44:08","guid":{"rendered":"http:\/\/awo-zuhause.org\/?page_id=35"},"modified":"2020-03-10T13:11:00","modified_gmt":"2020-03-10T13:11:00","slug":"ambulante-pflege","status":"publish","type":"page","link":"http:\/\/awo-zuhause.org\/?page_id=35","title":{"rendered":"Ambulante Pflege"},"content":{"rendered":"\r\n<div id=\"c5363\" class=\"csc-default csc-space-before-30\">\r\n<div class=\"csc-textpic-text\">\r\n<p class=\"bodytext\"><span style=\"font-family: arial, helvetica, sans-serif; font-size: 12pt; color: #e2001f;\"><b>Einen alten Baum verpflanzt man nicht<\/b><\/span><\/p>\r\n<\/div>\r\n<\/div>\r\n<div id=\"c5362\" class=\"csc-default csc-space-before-15\">\r\n<div class=\"csc-textpic csc-textpic-intext-right\">\r\n<div class=\"csc-textpic-imagewrap\" data-csc-images=\"1\" data-csc-cols=\"1\"><span style=\"font-size: 12pt; font-family: arial, helvetica, sans-serif;\">Das AWO-Pflegeteam unterst\u00fctzt Sie in Ihrem Wunsch, auch bei Hilfs- und Pflegebed\u00fcrftigkeit zu Hause leben zu k\u00f6nnen.\u00a0 Daf\u00fcr bieten wir Ihnen zahlreiche Dienstleistungen in Ihren eigenen vier W\u00e4nden an.\u00a0 Von Unterst\u00fctzungs- und Betreuungsangeboten bis hin zu pflegerischer Versorgung und medizinischer Behandlungspflege. Unser Team aus qualifizierten Pflege-, Betreuungs- und Hauswirtschaftskr\u00e4ften k\u00fcmmert sich um nahezu alle Bed\u00fcrfnisse des t\u00e4glichen Lebens, um Sie in ihrer selbstst\u00e4ndigen Lebensf\u00fchrung zu Hause zu unterst\u00fctzen.<\/span><\/div>\r\n<\/div>\r\n<\/div>\r\n<div id=\"c5361\" class=\"csc-default csc-space-before-30\">\r\n<p class=\"bodytext\"><span style=\"font-family: arial, helvetica, sans-serif; font-size: 12pt; color: #e2001f;\"><b>Unsere Philosophie<\/b><\/span><\/p>\r\n<\/div>\r\n<div id=\"c5360\" class=\"csc-default csc-space-before-15\">\r\n<div class=\"csc-textpic csc-textpic-intext-right\">\r\n<div class=\"csc-textpic-imagewrap\" data-csc-images=\"1\" data-csc-cols=\"1\"><span style=\"font-size: 12pt; font-family: arial, helvetica, sans-serif;\">Wir verstehen uns als Gast in Ihrem Hause, darum wahren wir selbstverst\u00e4ndlich ein H\u00f6chstma\u00df an Privatsph\u00e4re. Wir achten dabei darauf, die R\u00e4umlichkeiten nicht in erster Linie der Pflege anzupassen, sondern die Pflege den R\u00e4umlichkeiten.<\/span><\/div>\r\n<div class=\"csc-textpic-text\">\r\n<p class=\"bodytext\"><span style=\"font-family: arial, helvetica, sans-serif; font-size: 12pt;\">Um eine vertraute Beziehung zwischen Ihnen und dem Pflegeteam zu erm\u00f6glichen, arbeiten wir in prim\u00e4rer Bezugspflege, das hei\u00dft, der Kunde hat als Ansprechpartner immer bekannte Pflegepersonen. Die Pflegeperson wechselt nur bei Urlaub oder Krankheit.<\/span><\/p>\r\n<\/div>\r\n<\/div>\r\n<\/div>\r\n<div id=\"c5359\" class=\"csc-default csc-space-before-30\">\u00a0<\/div>\r\n<div id=\"c5358\" class=\"csc-default csc-space-before-15\">\r\n<div class=\"csc-textpic csc-textpic-intext-right\">\r\n<div class=\"csc-textpic-text\">\r\n<p class=\"bodytext\"><b style=\"color: #e2001f; font-family: arial, helvetica, sans-serif; font-size: 14pt;\">Wir k\u00f6nnen Pflege \u2013 und mehr!<\/b><\/p>\r\n<\/div>\r\n<\/div>\r\n<\/div>\r\n<div id=\"c5356\" class=\"csc-default\">\r\n<div class=\"csc-textpic-text\">\r\n<p class=\"bodytext\"><span style=\"font-family: arial, helvetica, sans-serif; font-size: 12pt;\">Unser Pflegeteam bietet unter anderem:<\/span><\/p>\r\n<ul>\r\n<li><span style=\"font-family: arial, helvetica, sans-serif; font-size: 12pt; color: #e2001f;\">Beratung<\/span><\/li>\r\n<li><span style=\"font-family: arial, helvetica, sans-serif; font-size: 12pt; color: #e2001f;\">hauswirtschaftliche Unterst\u00fctzung<\/span><\/li>\r\n<li><span style=\"font-family: arial, helvetica, sans-serif; font-size: 12pt; color: #e2001f;\">Grundpflege<\/span><\/li>\r\n<li><span style=\"font-family: arial, helvetica, sans-serif; font-size: 12pt; color: #e2001f;\">medizinische Behandlungspflege<\/span><\/li>\r\n<li><span style=\"font-family: arial, helvetica, sans-serif; font-size: 12pt; color: #e2001f;\">Verhinderungspflege<\/span><\/li>\r\n<li><span style=\"font-family: arial, helvetica, sans-serif; font-size: 12pt; color: #e2001f;\">Betreuungsservice<\/span><\/li>\r\n<li><span style=\"font-family: arial, helvetica, sans-serif; font-size: 12pt; color: #e2001f;\">Entlastungsangebote<\/span><\/li>\r\n<li><span style=\"font-family: arial, helvetica, sans-serif; font-size: 12pt; color: #e2001f;\">Pflegeberatung<\/span><\/li>\r\n<li><span style=\"font-family: arial, helvetica, sans-serif; font-size: 12pt; color: #e2001f;\">gemeinsame Veranstaltungen<\/span><\/li>\r\n<li><span style=\"font-family: arial, helvetica, sans-serif; font-size: 12pt; color: #e2001f;\">Beh\u00f6rdeng\u00e4nge<\/span><\/li>\r\n<li><span style=\"font-family: arial, helvetica, sans-serif; font-size: 12pt; color: #e2001f;\">Arztbesuche<\/span><\/li>\r\n<li><span style=\"font-family: arial, helvetica, sans-serif; font-size: 12pt; color: #e2001f;\">Abrechnungsformalit\u00e4ten<\/span><\/li>\r\n<\/ul>\r\n<p class=\"bodytext\"><span style=\"font-family: arial, helvetica, sans-serif; font-size: 12pt;\">&#8230; und bei Bedarf auch mehr &#8211; sprechen Sie uns an!<\/span><\/p>\r\n<\/div>\r\n<\/div>\r\n<p><span style=\"font-family: arial, helvetica, sans-serif; font-size: 12pt; color: #e2001a;\"><strong>Wir sind f\u00fcr Sie da<\/strong><\/span><br \/><span style=\"font-family: arial, helvetica, sans-serif; font-size: 12pt;\">Krankheit zu verhindern, Leiden zu lindern und Gesundheit zu f\u00f6rdern ist unser oberstes Ziel.<\/span><br \/><span style=\"font-family: arial, helvetica, sans-serif; font-size: 12pt;\">Bei pl\u00f6tzlicher Pflegebed\u00fcrftigkeit oder auch in Lebenssituationen, die durch schwere<\/span><br \/><span style=\"font-family: arial, helvetica, sans-serif; font-size: 12pt;\">Erkrankungen ver\u00e4ndert werden, steht das Team von AWO Zuhause an Ihrer Seite um Sie in Ihrer gewohnten Umgebung professionell zu versorgen.<\/span><br \/><span style=\"font-family: arial, helvetica, sans-serif; font-size: 12pt;\">Erfahren und kompetent stehen Ihnen unsere Mitarbeiterinnen des ambulanten Pflegedienstes AWO Zuhause zur Seite und unterst\u00fctzen Sie bei der Hilfe, die Sie ben\u00f6tigen.<\/span><br \/><span style=\"font-family: arial, helvetica, sans-serif; font-size: 12pt;\">Wir beraten, informieren und begleiten pflegebed\u00fcrftige Menschen und ihre Angeh\u00f6rigen.<\/span><br \/><span style=\"font-family: arial, helvetica, sans-serif; font-size: 12pt;\">Wir leisten die Grundpflege und \u00fcbernehmen die Behandlungspflege, also die krankheitsbedingte Versorgung nach \u00e4rztlicher Anordnung.<\/span><\/p>\r\n<p><span style=\"color: #e2001a;\"><strong><span style=\"font-family: arial, helvetica, sans-serif; font-size: 12pt;\">Grundpflege<\/span><\/strong><\/span><br \/><span style=\"font-family: arial, helvetica, sans-serif; font-size: 12pt;\">Im Rahmen der Grundpflege helfen wir Ihnen bei der K\u00f6rperpflege, Ern\u00e4hrung und Mobilisation.<\/span><br \/><span style=\"font-family: arial, helvetica, sans-serif; font-size: 12pt;\">Wir unterst\u00fctzen mit der Grundpflege <\/span><span style=\"font-family: arial, helvetica, sans-serif; font-size: 12pt;\">unsere Patienten bei allen regelm\u00e4\u00dfigen Pflegema\u00dfnahmen, die dazu beitragen, den Alltag zu bew\u00e4ltigen und so lange wie <\/span><span style=\"font-family: arial, helvetica, sans-serif; font-size: 12pt;\">m\u00f6glich zu Hause leben zu k\u00f6nnen. Je nach Bedarf versorgen wir unsere Patienten und Patientinnen auch mehrmals t\u00e4glich. Nat\u00fcrlich pflegen und betreuen wir Sie auch an <\/span><span style=\"font-family: arial, helvetica, sans-serif; font-size: 12pt;\">Wochenenden und Feiertagen. In Notf\u00e4llen sind wir f\u00fcr unsere Kunden auch nachts im Einsatz.<\/span><br \/><span style=\"font-family: arial, helvetica, sans-serif; font-size: 12pt;\">Wenn Sie wissen m\u00f6chten, wie ambulante Pflege aussieht, wer, wann zu Ihnen nach Hause kommt und was sich genau hinter den Leistungen verbirgt, beraten wir Sie gerne jederzeit!<\/span><\/p>\r\n<p><span style=\"color: #e2001a;\"><strong><span style=\"font-family: arial, helvetica, sans-serif; font-size: 12pt;\">Medizinische Pflege<\/span><\/strong><\/span><br \/><span style=\"font-family: arial, helvetica, sans-serif; font-size: 12pt;\">Nicht nur als Pflegebed\u00fcrftiger mit einem Pflegegrad (fr\u00fcher als Pflegestufe bezeichnet), auch nach Krankheit oder Unfall \u00fcbernehmen wir die medizinische Fachpflege bei Ihnen zu Hause. Unsere Pflegekr\u00e4fte sorgen in enger Abstimmung mit dem Arzt f\u00fcr die Weiterversorgung in gewohnter Umgebung.<\/span><\/p>\r\n<p><span style=\"color: #e2001a;\"><strong><span style=\"font-family: arial, helvetica, sans-serif; font-size: 12pt;\">Sonstige Dienstleistungen<\/span><\/strong><\/span><br \/><span style=\"font-family: arial, helvetica, sans-serif; font-size: 12pt;\">Vermittlung von Hilfsmitteln aller Art,<\/span><br \/><span style=\"font-family: arial, helvetica, sans-serif; font-size: 12pt;\">Hausnotrufsysteme, Unterst\u00fctzung bei der Beantragung eines Pflegegrades,<\/span><br \/><span style=\"font-family: arial, helvetica, sans-serif; font-size: 12pt;\">Haushaltshilfen, Rezept- und Medikamentenbeschaffung.<\/span><br \/><span style=\"font-family: arial, helvetica, sans-serif; font-size: 12pt;\">Sollten Sie Fragen zu unseren Leistungen haben oder etwas ben\u00f6tigen, was Sie nicht in unserem Leistungskatalog finden k\u00f6nnen, z\u00f6gern Sie nicht uns zu kontaktieren.<\/span><\/p>\r\n","protected":false},"excerpt":{"rendered":"<p>Einen alten Baum verpflanzt man nicht Das AWO-Pflegeteam unterst\u00fctzt Sie in Ihrem Wunsch, auch bei Hilfs- und Pflegebed\u00fcrftigkeit zu Hause leben zu k\u00f6nnen.\u00a0 Daf\u00fcr bieten wir Ihnen zahlreiche Dienstleistungen in Ihren eigenen vier W\u00e4nden an.\u00a0 Von Unterst\u00fctzungs- und Betreuungsangeboten bis hin zu pflegerischer Versorgung und medizinischer Behandlungspflege. Unser Team aus qualifizierten Pflege-, Betreuungs- und Hauswirtschaftskr\u00e4ften k\u00fcmmert sich um nahezu alle<\/p>\n","protected":false},"author":1,"featured_media":0,"parent":0,"menu_order":0,"comment_status":"closed","ping_status":"closed","template":"","meta":{"footnotes":""},"class_list":["post-35","page","type-page","status-publish","hentry"],"_links":{"self":[{"href":"http:\/\/awo-zuhause.org\/index.php?rest_route=\/wp\/v2\/pages\/35","targetHints":{"allow":["GET"]}}],"collection":[{"href":"http:\/\/awo-zuhause.org\/index.php?rest_route=\/wp\/v2\/pages"}],"about":[{"href":"http:\/\/awo-zuhause.org\/index.php?rest_route=\/wp\/v2\/types\/page"}],"author":[{"embeddable":true,"href":"http:\/\/awo-zuhause.org\/index.php?rest_route=\/wp\/v2\/users\/1"}],"replies":[{"embeddable":true,"href":"http:\/\/awo-zuhause.org\/index.php?rest_route=%2Fwp%2Fv2%2Fcomments&post=35"}],"version-history":[{"count":5,"href":"http:\/\/awo-zuhause.org\/index.php?rest_route=\/wp\/v2\/pages\/35\/revisions"}],"predecessor-version":[{"id":150,"href":"http:\/\/awo-zuhause.org\/index.php?rest_route=\/wp\/v2\/pages\/35\/revisions\/150"}],"wp:attachment":[{"href":"http:\/\/awo-zuhause.org\/index.php?rest_route=%2Fwp%2Fv2%2Fmedia&parent=35"}],"curies":[{"name":"wp","href":"https:\/\/api.w.org\/{rel}","templated":true}]}}

<div id="c5363" class="csc-default csc-space-before-30">
<div class="csc-textpic-text">
<p class="bodytext"><span style="font-family: arial, helvetica, sans-serif; font-size: 12pt; color: #e2001f;"><b>Einen alten Baum verpflanzt man nicht</b></span></p>
</div>
</div>
<div id="c5362" class="csc-default csc-space-before-15">
<div class="csc-textpic csc-textpic-intext-right">
<div class="csc-textpic-imagewrap" data-csc-images="1" data-csc-cols="1"><span style="font-size: 12pt; font-family: arial, helvetica, sans-serif;">Das AWO-Pflegeteam unterstützt Sie in Ihrem Wunsch, auch bei Hilfs- und Pflegebedürftigkeit zu Hause leben zu können.  Dafür bieten wir Ihnen zahlreiche Dienstleistungen in Ihren eigenen vier Wänden an.  Von Unterstützungs- und Betreuungsangeboten bis hin zu pflegerischer Versorgung und medizinischer Behandlungspflege. Unser Team aus qualifizierten Pflege-, Betreuungs- und Hauswirtschaftskräften kümmert sich um nahezu alle Bedürfnisse des täglichen Lebens, um Sie in ihrer selbstständigen Lebensführung zu Hause zu unterstützen.</span></div>
</div>
</div>
<div id="c5361" class="csc-default csc-space-before-30">
<p class="bodytext"><span style="font-family: arial, helvetica, sans-serif; font-size: 12pt; color: #e2001f;"><b>Unsere Philosophie</b></span></p>
</div>
<div id="c5360" class="csc-default csc-space-before-15">
<div class="csc-textpic csc-textpic-intext-right">
<div class="csc-textpic-imagewrap" data-csc-images="1" data-csc-cols="1"><span style="font-size: 12pt; font-family: arial, helvetica, sans-serif;">Wir verstehen uns als Gast in Ihrem Hause, darum wahren wir selbstverständlich ein Höchstmaß an Privatsphäre. Wir achten dabei darauf, die Räumlichkeiten nicht in erster Linie der Pflege anzupassen, sondern die Pflege den Räumlichkeiten.</span></div>
<div class="csc-textpic-text">
<p class="bodytext"><span style="font-family: arial, helvetica, sans-serif; font-size: 12pt;">Um eine vertraute Beziehung zwischen Ihnen und dem Pflegeteam zu ermöglichen, arbeiten wir in primärer Bezugspflege, das heißt, der Kunde hat als Ansprechpartner immer bekannte Pflegepersonen. Die Pflegeperson wechselt nur bei Urlaub oder Krankheit.</span></p>
</div>
</div>
</div>
<div id="c5359" class="csc-default csc-space-before-30"> </div>
<div id="c5358" class="csc-default csc-space-before-15">
<div class="csc-textpic csc-textpic-intext-right">
<div class="csc-textpic-text">
<p class="bodytext"><b style="color: #e2001f; font-family: arial, helvetica, sans-serif; font-size: 14pt;">Wir können Pflege – und mehr!</b></p>
</div>
</div>
</div>
<div id="c5356" class="csc-default">
<div class="csc-textpic-text">
<p class="bodytext"><span style="font-family: arial, helvetica, sans-serif; font-size: 12pt;">Unser Pflegeteam bietet unter anderem:</span></p>
<ul>
<li><span style="font-family: arial, helvetica, sans-serif; font-size: 12pt; color: #e2001f;">Beratung</span></li>
<li><span style="font-family: arial, helvetica, sans-serif; font-size: 12pt; color: #e2001f;">hauswirtschaftliche Unterstützung</span></li>
<li><span style="font-family: arial, helvetica, sans-serif; font-size: 12pt; color: #e2001f;">Grundpflege</span></li>
<li><span style="font-family: arial, helvetica, sans-serif; font-size: 12pt; color: #e2001f;">medizinische Behandlungspflege</span></li>
<li><span style="font-family: arial, helvetica, sans-serif; font-size: 12pt; color: #e2001f;">Verhinderungspflege</span></li>
<li><span style="font-family: arial, helvetica, sans-serif; font-size: 12pt; color: #e2001f;">Betreuungsservice</span></li>
<li><span style="font-family: arial, helvetica, sans-serif; font-size: 12pt; color: #e2001f;">Entlastungsangebote</span></li>
<li><span style="font-family: arial, helvetica, sans-serif; font-size: 12pt; color: #e2001f;">Pflegeberatung</span></li>
<li><span style="font-family: arial, helvetica, sans-serif; font-size: 12pt; color: #e2001f;">gemeinsame Veranstaltungen</span></li>
<li><span style="font-family: arial, helvetica, sans-serif; font-size: 12pt; color: #e2001f;">Behördengänge</span></li>
<li><span style="font-family: arial, helvetica, sans-serif; font-size: 12pt; color: #e2001f;">Arztbesuche</span></li>
<li><span style="font-family: arial, helvetica, sans-serif; font-size: 12pt; color: #e2001f;">Abrechnungsformalitäten</span></li>
</ul>
<p class="bodytext"><span style="font-family: arial, helvetica, sans-serif; font-size: 12pt;">&#8230; und bei Bedarf auch mehr &#8211; sprechen Sie uns an!</span></p>
</div>
</div>
<p><span style="font-family: arial, helvetica, sans-serif; font-size: 12pt; color: #e2001a;"><strong>Wir sind für Sie da</strong></span><br /><span style="font-family: arial, helvetica, sans-serif; font-size: 12pt;">Krankheit zu verhindern, Leiden zu lindern und Gesundheit zu fördern ist unser oberstes Ziel.</span><br /><span style="font-family: arial, helvetica, sans-serif; font-size: 12pt;">Bei plötzlicher Pflegebedürftigkeit oder auch in Lebenssituationen, die durch schwere</span><br /><span style="font-family: arial, helvetica, sans-serif; font-size: 12pt;">Erkrankungen verändert werden, steht das Team von AWO Zuhause an Ihrer Seite um Sie in Ihrer gewohnten Umgebung professionell zu versorgen.</span><br /><span style="font-family: arial, helvetica, sans-serif; font-size: 12pt;">Erfahren und kompetent stehen Ihnen unsere Mitarbeiterinnen des ambulanten Pflegedienstes AWO Zuhause zur Seite und unterstützen Sie bei der Hilfe, die Sie benötigen.</span><br /><span style="font-family: arial, helvetica, sans-serif; font-size: 12pt;">Wir beraten, informieren und begleiten pflegebedürftige Menschen und ihre Angehörigen.</span><br /><span style="font-family: arial, helvetica, sans-serif; font-size: 12pt;">Wir leisten die Grundpflege und übernehmen die Behandlungspflege, also die krankheitsbedingte Versorgung nach ärztlicher Anordnung.</span></p>
<p><span style="color: #e2001a;"><strong><span style="font-family: arial, helvetica, sans-serif; font-size: 12pt;">Grundpflege</span></strong></span><br /><span style="font-family: arial, helvetica, sans-serif; font-size: 12pt;">Im Rahmen der Grundpflege helfen wir Ihnen bei der Körperpflege, Ernährung und Mobilisation.</span><br /><span style="font-family: arial, helvetica, sans-serif; font-size: 12pt;">Wir unterstützen mit der Grundpflege </span><span style="font-family: arial, helvetica, sans-serif; font-size: 12pt;">unsere Patienten bei allen regelmäßigen Pflegemaßnahmen, die dazu beitragen, den Alltag zu bewältigen und so lange wie </span><span style="font-family: arial, helvetica, sans-serif; font-size: 12pt;">möglich zu Hause leben zu können. Je nach Bedarf versorgen wir unsere Patienten und Patientinnen auch mehrmals täglich. Natürlich pflegen und betreuen wir Sie auch an </span><span style="font-family: arial, helvetica, sans-serif; font-size: 12pt;">Wochenenden und Feiertagen. In Notfällen sind wir für unsere Kunden auch nachts im Einsatz.</span><br /><span style="font-family: arial, helvetica, sans-serif; font-size: 12pt;">Wenn Sie wissen möchten, wie ambulante Pflege aussieht, wer, wann zu Ihnen nach Hause kommt und was sich genau hinter den Leistungen verbirgt, beraten wir Sie gerne jederzeit!</span></p>
<p><span style="color: #e2001a;"><strong><span style="font-family: arial, helvetica, sans-serif; font-size: 12pt;">Medizinische Pflege</span></strong></span><br /><span style="font-family: arial, helvetica, sans-serif; font-size: 12pt;">Nicht nur als Pflegebedürftiger mit einem Pflegegrad (früher als Pflegestufe bezeichnet), auch nach Krankheit oder Unfall übernehmen wir die medizinische Fachpflege bei Ihnen zu Hause. Unsere Pflegekräfte sorgen in enger Abstimmung mit dem Arzt für die Weiterversorgung in gewohnter Umgebung.</span></p>
<p><span style="color: #e2001a;"><strong><span style="font-family: arial, helvetica, sans-serif; font-size: 12pt;">Sonstige Dienstleistungen</span></strong></span><br /><span style="font-family: arial, helvetica, sans-serif; font-size: 12pt;">Vermittlung von Hilfsmitteln aller Art,</span><br /><span style="font-family: arial, helvetica, sans-serif; font-size: 12pt;">Hausnotrufsysteme, Unterstützung bei der Beantragung eines Pflegegrades,</span><br /><span style="font-family: arial, helvetica, sans-serif; font-size: 12pt;">Haushaltshilfen, Rezept- und Medikamentenbeschaffung.</span><br /><span style="font-family: arial, helvetica, sans-serif; font-size: 12pt;">Sollten Sie Fragen zu unseren Leistungen haben oder etwas benötigen, was Sie nicht in unserem Leistungskatalog finden können, zögern Sie nicht uns zu kontaktieren.</span></p>

<p>Einen alten Baum verpflanzt man nicht Das AWO-Pflegeteam unterstützt Sie in Ihrem Wunsch, auch bei Hilfs- und Pflegebedürftigkeit zu Hause leben zu können.  Dafür bieten wir Ihnen zahlreiche Dienstleistungen in Ihren eigenen vier Wänden an.  Von Unterstützungs- und Betreuungsangeboten bis hin zu pflegerischer Versorgung und medizinischer Behandlungspflege. Unser Team aus qualifizierten Pflege-, Betreuungs- und Hauswirtschaftskräften kümmert sich um nahezu alle</p>
