{"id":43,"date":"2020-03-09T18:57:51","date_gmt":"2020-03-09T18:57:51","guid":{"rendered":"http:\/\/awo-zuhause.org\/?page_id=43"},"modified":"2026-03-18T19:20:49","modified_gmt":"2026-03-18T19:20:49","slug":"stellenangebote","status":"publish","type":"page","link":"http:\/\/awo-zuhause.org\/?page_id=43","title":{"rendered":"Stellenangebote"},"content":{"rendered":"\r\n<p>Unsere wesentliche Zukunftsaufgabe ist die Festigung und der Ausbau der AWO als soziales Dienstleistungsunternehmen.<\/p>\r\n<p>Unser Bereich ambulante Krankenpflege w\u00e4chst st\u00e4ndig.<br \/>Wollen Sie in einem jungen, dynamischen und modernen Team mitarbeiten?<\/p>\r\n<p>Wir suchen zum n\u00e4chstm\u00f6glichen Zeitpunkt f\u00fcr unsere ambulante Krankenpflege<\/p>\r\n<p>&nbsp;<\/p>\r\n<p><span style=\"font-size: 14pt;\"><strong>Pflegefachkr\u00e4fte (m\/w) und Pflegehelfer (m\/w) in Teilzeit<\/strong><\/span><\/p>\r\n<p>Ihr Aufgabengebiet umfasst:<br \/>\u2013 Grund- und Behandlungspflege<br \/>\u2013 Pflege und Betreuung unserer Kunden im h\u00e4uslichen Umfeld<br \/>\u2013 Pflegedokumentation<br \/>\u2013 Umsetzung qualit\u00e4tssichernder Ma\u00dfnahmen<\/p>\r\n<p>Es erwartet Sie:<br \/>\u2013 ein professionelles, junges motiviertes Team<br \/>\u2013 Mitsprache bei der Dienstplangestaltung<br \/>\u2013 angenehmes Betriebsklima<br \/>\u2013 leistungsgerechte Bezahlung<br \/>\u2013 Betriebliche Altersvorsorge und VWL<br \/>\u2013 Arbeit im 2-Schicht System (kein Nachtdienst)<br \/>\u2013 Dienstfahrzeug wird gestellt<br \/>\u2013 Fort- und Weiterbildungen werden bezahlt<\/p>\r\n<p>Wir erwarten:<br \/>\u2013 eine Abgeschlossene Ausbildung zur examinierten Pflegefachkraft (m\/w)<br \/>\u2013 oder examinierter\u00a0Pflegehelfer (m\/w) mit 1-j\u00e4hriger Ausbildung<br \/>\u2013 Verantwortungsbewusstsein und F\u00e4higkeit zum selbst\u00e4ndigen Arbeiten<br \/>\u2013 Teamf\u00e4higkeit und Flexibilit\u00e4t<br \/>\u2013 F\u00fchrerschein Kl. B<\/p>\r\n<p>Haben wir Ihr Interesse geweckt? Dann freuen wir uns \u00fcber Ihre aussagekr\u00e4ftige Bewerbung<\/p>\r\n<p>AWO Kreisverband Wunsiedel e.V.<\/p>\r\n<p>z. Hd. Pflegedienstleitung Frau Michaela Kinadeter<br \/><a href=\"mailto:pflegedienst@awo-wunsiedel.org\">pflegedienst@awo-wunsiedel.org<\/a><br \/>Tel.: 09233 \u2013 40096 31<\/p>\r\n<p>oder z. Hd. Kreisvorstand Herrn Alexander Wagner<br \/><i class=\"fa fa-envelope\"><\/i> <a href=\"mailto:info@awo-wunsiedel.org\">info@awo-wunsiedel.org<\/a><\/p>\r\n","protected":false},"excerpt":{"rendered":"<p>Unsere wesentliche Zukunftsaufgabe ist die Festigung und der Ausbau der AWO als soziales Dienstleistungsunternehmen. Unser Bereich ambulante Krankenpflege w\u00e4chst st\u00e4ndig.Wollen Sie in einem jungen, dynamischen und modernen Team mitarbeiten? Wir suchen zum n\u00e4chstm\u00f6glichen Zeitpunkt f\u00fcr unsere ambulante Krankenpflege &nbsp; Pflegefachkr\u00e4fte (m\/w) und Pflegehelfer (m\/w) in Teilzeit Ihr Aufgabengebiet umfasst:\u2013 Grund- und Behandlungspflege\u2013 Pflege und Betreuung unserer Kunden im h\u00e4uslichen Umfeld\u2013<\/p>\n","protected":false},"author":1,"featured_media":0,"parent":0,"menu_order":0,"comment_status":"closed","ping_status":"closed","template":"","meta":{"footnotes":""},"class_list":["post-43","page","type-page","status-publish","hentry"],"_links":{"self":[{"href":"http:\/\/awo-zuhause.org\/index.php?rest_route=\/wp\/v2\/pages\/43","targetHints":{"allow":["GET"]}}],"collection":[{"href":"http:\/\/awo-zuhause.org\/index.php?rest_route=\/wp\/v2\/pages"}],"about":[{"href":"http:\/\/awo-zuhause.org\/index.php?rest_route=\/wp\/v2\/types\/page"}],"author":[{"embeddable":true,"href":"http:\/\/awo-zuhause.org\/index.php?rest_route=\/wp\/v2\/users\/1"}],"replies":[{"embeddable":true,"href":"http:\/\/awo-zuhause.org\/index.php?rest_route=%2Fwp%2Fv2%2Fcomments&post=43"}],"version-history":[{"count":9,"href":"http:\/\/awo-zuhause.org\/index.php?rest_route=\/wp\/v2\/pages\/43\/revisions"}],"predecessor-version":[{"id":232,"href":"http:\/\/awo-zuhause.org\/index.php?rest_route=\/wp\/v2\/pages\/43\/revisions\/232"}],"wp:attachment":[{"href":"http:\/\/awo-zuhause.org\/index.php?rest_route=%2Fwp%2Fv2%2Fmedia&parent=43"}],"curies":[{"name":"wp","href":"https:\/\/api.w.org\/{rel}","templated":true}]}}

<p>Unsere wesentliche Zukunftsaufgabe ist die Festigung und der Ausbau der AWO als soziales Dienstleistungsunternehmen.</p>
<p>Unser Bereich ambulante Krankenpflege wächst ständig.<br />Wollen Sie in einem jungen, dynamischen und modernen Team mitarbeiten?</p>
<p>Wir suchen zum nächstmöglichen Zeitpunkt für unsere ambulante Krankenpflege</p>
<p>&nbsp;</p>
<p><span style="font-size: 14pt;"><strong>Pflegefachkräfte (m/w) und Pflegehelfer (m/w) in Teilzeit</strong></span></p>
<p>Ihr Aufgabengebiet umfasst:<br />– Grund- und Behandlungspflege<br />– Pflege und Betreuung unserer Kunden im häuslichen Umfeld<br />– Pflegedokumentation<br />– Umsetzung qualitätssichernder Maßnahmen</p>
<p>Es erwartet Sie:<br />– ein professionelles, junges motiviertes Team<br />– Mitsprache bei der Dienstplangestaltung<br />– angenehmes Betriebsklima<br />– leistungsgerechte Bezahlung<br />– Betriebliche Altersvorsorge und VWL<br />– Arbeit im 2-Schicht System (kein Nachtdienst)<br />– Dienstfahrzeug wird gestellt<br />– Fort- und Weiterbildungen werden bezahlt</p>
<p>Wir erwarten:<br />– eine Abgeschlossene Ausbildung zur examinierten Pflegefachkraft (m/w)<br />– oder examinierter Pflegehelfer (m/w) mit 1-jähriger Ausbildung<br />– Verantwortungsbewusstsein und Fähigkeit zum selbständigen Arbeiten<br />– Teamfähigkeit und Flexibilität<br />– Führerschein Kl. B</p>
<p>Haben wir Ihr Interesse geweckt? Dann freuen wir uns über Ihre aussagekräftige Bewerbung</p>
<p>AWO Kreisverband Wunsiedel e.V.</p>
<p>z. Hd. Pflegedienstleitung Frau Michaela Kinadeter<br /><a href="mailto:pflegedienst@awo-wunsiedel.org">pflegedienst@awo-wunsiedel.org</a><br />Tel.: 09233 – 40096 31</p>
<p>oder z. Hd. Kreisvorstand Herrn Alexander Wagner<br /><i class="fa fa-envelope"></i> <a href="mailto:info@awo-wunsiedel.org">info@awo-wunsiedel.org</a></p>

<p>Unsere wesentliche Zukunftsaufgabe ist die Festigung und der Ausbau der AWO als soziales Dienstleistungsunternehmen. Unser Bereich ambulante Krankenpflege wächst ständig.Wollen Sie in einem jungen, dynamischen und modernen Team mitarbeiten? Wir suchen zum nächstmöglichen Zeitpunkt für unsere ambulante Krankenpflege &nbsp; Pflegefachkräfte (m/w) und Pflegehelfer (m/w) in Teilzeit Ihr Aufgabengebiet umfasst:– Grund- und Behandlungspflege– Pflege und Betreuung unserer Kunden im häuslichen Umfeld–</p>
